oes 37 divide 23031570?
False
Does 86 divide 83450358?
True
Is 567 a factor of 834934149?
True
Is 1393532724 a multiple of 12?
True
Does 6095 divide 838768602?
False
Does 2503 divide 63387686?
False
Is 23405550 a multiple of 35?
True
Does 59 divide 59751201?
False
Is 3213183 a multiple of 73?
False
Is 345 a factor of 69637070?
False
Is 7326 a factor of 741750712?
False
Is 45 a factor of 31721310?
True
Is 47 a factor of 5132776?
True
Does 443 divide 80089970?
True
Is 5 a factor of 90265724?
False
Does 18 divide 4189614401?
False
Is 155 a factor of 40315655?
True
Is 132 a factor of 970522608?
True
Is 92797196 a multiple of 54?
False
Is 207 a factor of 2223422574?
False
Is 110 a factor of 21171963?
False
Is 42230617 a multiple of 143?
True
Is 10593 a factor of 2765020371?
False
Does 50 divide 6477136?
False
Does 15 divide 4182622?
False
Does 31 divide 5376950?
True
Is 46 a factor of 132271206?
True
Is 22 a factor of 6325242?
True
Does 563 divide 76762458?
False
Is 532 a factor of 672887964?
True
Does 4417 divide 1286972456?
True
Is 12 a factor of 1326027312?
True
Is 3474 a factor of 260078974?
False
Is 230 a factor of 3716110?
True
Is 1238935210 a multiple of 200?
False
Is 734375652 a multiple of 1115?
False
Does 282 divide 90419916?
True
Is 10 a factor of 9293125?
False
Is 10 a factor of 18294620?
True
Is 65990079 a multiple of 339?
True
Is 5 a factor of 106037108?
False
Is 18 a factor of 2500949286?
True
Is 95843428 a multiple of 30?
False
Does 141 divide 290295876?
True
Does 39 divide 41954601?
True
Is 164785140 a multiple of 30?
True
Does 2 divide 7562307?
False
Is 42 a factor of 5372171?
False
Does 107 divide 18080860?
True
Does 164 divide 6452133?
False
Is 77593397 a multiple of 22?
False
Does 13288 divide 2890153288?
True
Does 43 divide 23168099?
True
Is 1415143384 a multiple of 4?
True
Is 144615469 a multiple of 8?
False
Does 13 divide 143071873?
False
Is 56 a factor of 10303328?
True
Does 33 divide 43841068?
False
Is 38554068 a multiple of 12?
True
Is 58545357 a multiple of 303?
True
Is 252 a factor of 20144628?
True
Is 268196097 a multiple of 392?
False
Is 884791884 a multiple of 12?
True
Is 16 a factor of 6376699?
False
Does 213 divide 9662106?
True
Does 1604 divide 527157808?
True
Is 3168 a factor of 253185393?
False
Does 842 divide 267401095?
False
Does 3329 divide 197229934?
True
Is 325327470 a multiple of 17?
True
Is 45114188 a multiple of 28?
True
Does 7 divide 514626812?
True
Is 24 a factor of 63423408?
True
Is 18674162 a multiple of 108?
False
Does 2064 divide 152665824?
True
Is 50198608 a multiple of 156?
False
Is 38 a factor of 418769428?
False
Is 346033160 a multiple of 1265?
True
Is 814 a factor of 225119927?
False
Does 140 divide 530765620?
True
Does 1077 divide 7751169?
True
Does 1768 divide 17835584?
True
Does 22 divide 104851265?
False
Is 10032 a multiple of 66?
True
Does 17 divide 2091662024?
False
Does 2839 divide 136731836?
False
Is 56077068 a multiple of 37?
False
Does 3077 divide 1052952046?
False
Does 12 divide 39794376?
True
Does 3 divide 1357156?
False
Is 1420 a factor of 19982240?
True
Does 188 divide 17179684?
False
Is 54905185 a multiple of 9?
False
Is 5 a factor of 453089?
False
Is 114 a factor of 625602132?
True
Is 24 a factor of 590644001?
False
Does 20 divide 248553660?
True
Is 64 a factor of 22852864?
True
Is 3985 a factor of 63728837?
False
Is 2216 a factor of 843137032?
True
Is 39416737 a multiple of 2143?
False
Is 81172862 a multiple of 465?
False
Is 3 a factor of 39975675?
True
Is 17 a factor of 600343499?
False
Is 3069272505 a multiple of 39?
True
Is 102 a factor of 729244020?
False
Does 437 divide 15484008?
False
Does 113 divide 334026305?
True
Is 485 a factor of 650777850?
True
Is 13432796 a multiple of 52?
True
Is 101 a factor of 18324674?
False
Is 45766404 a multiple of 27?
True
Does 26 divide 101449634?
True
Is 63 a factor of 530116587?
True
Is 1137087768 a multiple of 8?
True
Does 3 divide 11244546?
True
Is 204 a factor of 34925004?
True
Is 1144 a factor of 1285970?
False
Is 34 a factor of 461629290?
False
Is 1627327200 a multiple of 456?
True
Is 21856995 a multiple of 36?
False
Is 596 a factor of 644789156?
True
Is 14 a factor of 18195769?
False
Is 112 a factor of 2145773465?
False
Is 78247672 a multiple of 50?
False
Is 42092270 a multiple of 809?
True
Does 79 divide 446963830?
True
Is 670 a factor of 385455451?
False
Is 38433292 a multiple of 266?
False
Is 407 a factor of 66200992?
True
Is 3892905 a multiple of 3?
True
Is 4398 a factor of 160826064?
True
Is 663 a factor of 7124269815?
True
Is 16 a factor of 72242815?
False
Is 67 a factor of 163255957?
False
Is 9 a factor of 12329643?
False
Is 1352 a factor of 163202624?
True
Does 114 divide 11038748?
False
Is 846 a factor of 97388565?
False
Is 22241856 a multiple of 4368?
True
Is 136400924 a multiple of 44?
True
Is 151 a factor of 619706718?
True
Is 291 a factor of 210673330?
False
Is 17508 a factor of 7067074967?
False
Does 4 divide 27988312?
True
Is 42 a factor of 40954273?
False
Is 1735201400 a multiple of 3775?
True
Does 5 divide 70677265?
True
Does 3 divide 6579111?
True
Does 3 divide 2220289?
False
Is 5426 a factor of 542345956?
False
Is 11626864 a multiple of 147?
False
Does 510 divide 26211298?
False
Does 28 divide 37984352?
True
Does 182 divide 8898821?
False
Is 7991 a factor of 793098271?
False
Is 426261858 a multiple of 62?
False
Does 410 divide 2436630?
True
Does 19 divide 1384691177?
True
Does 92 divide 14548107?
False
Is 838 a factor of 111485006?
True
Is 828 a factor of 6217221?
False
Is 103535488 a multiple of 112?
True
Is 2469717 a multiple of 514?
False
Is 577103281 a multiple of 10068?
False
Does 123 divide 18058860?
True
Is 178066107 a multiple of 9?
True
Is 8752212 a multiple of 34?
True
Is 863073483 a multiple of 102?
False
Does 116 divide 188161433?
False
Does 1014 divide 358768296?
False
Is 2485 a factor of 126935892?
False
Is 31 a factor of 85691006?
True
Is 294 a factor of 1282701126?
True
Does 317 divide 189883?
True
Is 62 a factor of 37072107?
False
Does 316 divide 99511208?
False
Is 251 a factor of 14138328?
True
Is 146 a factor of 5919255662?
True
Is 150 a factor of 93321900?
True
Is 26 a factor of 852627984?
True
Is 54 a factor of 272804271?
False
Is 157936320 a multiple of 549?
True
Is 8022854 a multiple of 43?
True
Is 1596182497 a multiple of 6135?
False
Is 3881 a factor of 172850574?
False
Is 7 a factor of 15574454?
True
Does 52 divide 188144840?
True
Is 6374567 a multiple of 271?
False
Is 41 a factor of 262754762?
False
Is 76616133 a multiple of 43?
False
Is 5611721 even?
False
Does 138 divide 1833089185?
False
Is 100281387 a multiple of 596?
False
Is 550392486 a multiple of 156?
False
Is 30 a factor of 184798702?
False
Does 2 divide 123990384?
True
Is 301 a factor of 52637361?
False
Does 1908 divide 666634212?
True
Is 1023 a factor of 1509252412?
False
Is 231080218 a multiple of 91?
False
Is 840705817 a multiple of 544?
False
Is 1261702671 a multiple of 9576?
False
Is 51 a factor of 37996122?
True
Is 188801783 a multiple of 2139?
False
Is 289081530 a multiple of 45?
True
Is 585899055 a multiple of 984?
False
Is 7555011792 a multiple of 239?
True
Is 16 a factor of 166818121?
False
Does 10 divide 53783514?
False
Is 279722916 a multiple of 4338?
True
Is 174344200 a multiple of 7?
False
Does 2 divide 1769800?
True
Is 34334992 a multiple of 2?
True
Is 128582380 a multiple of 20?
True
Is 5494 a factor of 47946138?
True
Does 1065 divide 517161870?
True
Is 317895697 a multiple of 2754?
False
Is 862 a factor of 317985766?
True
Is 216 a factor of 111723840?
True
Does 59 divide 31395729?
True
Is 6534 a factor of 1002328668?
True
Does 10 divide 111863187?
False
Is 1454191828 a multiple of 292?
True
Is 883 a factor of 1013208770?
False
Is 122426140 a multiple of 1436?
False
Is 222561488 a multiple of 803?
False
Is 3206 a factor of 429584764?
True
Is 1475397040 a multiple of 3692?
True
Is 316818447 a multiple of 33?
True
Does 602 divide 13462526?
True
Is 2869 a factor of 810991720?
False
Is 30 a factor of 200022041?
False
Is 17 a factor of 3457018?
True
Is 4 a factor of 139716668?
True
Does 350 divide 73314185?
False
Is 147063947 a multiple of 738?
False
Is 194342088 a multiple of 336?
False
Is 49481438 a multiple o